{"id":392,"date":"2023-10-18T00:20:07","date_gmt":"2023-10-17T22:20:07","guid":{"rendered":"https:\/\/fysiostil-therapie.de\/karriere\/?page_id=392"},"modified":"2023-10-18T13:06:22","modified_gmt":"2023-10-18T11:06:22","slug":"impressum","status":"publish","type":"page","link":"https:\/\/fysiostil-therapie.de\/karriere\/impressum\/","title":{"rendered":"Impressum"},"content":{"rendered":"\t\t<div data-elementor-type=\"wp-page\" data-elementor-id=\"392\" class=\"elementor elementor-392\" data-elementor-post-type=\"page\">\n\t\t\t\t<div class=\"elementor-element elementor-element-d9483c3 e-flex e-con-boxed e-con e-parent\" data-id=\"d9483c3\" data-element_type=\"container\" data-e-type=\"container\">\n\t\t\t\t\t<div class=\"e-con-inner\">\n\t\t\t\t\t<\/div>\n\t\t\t\t<\/div>\n\t\t<div class=\"elementor-element elementor-element-514ba22 e-flex e-con-boxed e-con e-parent\" data-id=\"514ba22\" data-element_type=\"container\" data-e-type=\"container\">\n\t\t\t\t\t<div class=\"e-con-inner\">\n\t\t<div class=\"elementor-element elementor-element-76ec3df e-con-full e-flex e-con e-child\" data-id=\"76ec3df\" data-element_type=\"container\" data-e-type=\"container\">\n\t\t\t\t<div class=\"elementor-element elementor-element-82c4af4 elementor-widget elementor-widget-heading\" data-id=\"82c4af4\" data-element_type=\"widget\" data-e-type=\"widget\" data-widget_type=\"heading.default\">\n\t\t\t\t<div class=\"elementor-widget-container\">\n\t\t\t\t\t<h2 class=\"elementor-heading-title elementor-size-default\">Impressum<\/h2>\t\t\t\t<\/div>\n\t\t\t\t<\/div>\n\t\t\t\t<div class=\"elementor-element elementor-element-89afeaf elementor-widget elementor-widget-text-editor\" data-id=\"89afeaf\" data-element_type=\"widget\" data-e-type=\"widget\" data-widget_type=\"text-editor.default\">\n\t\t\t\t<div class=\"elementor-widget-container\">\n\t\t\t\t\t\t\t\t\t<h2><span style=\"font-size: 1rem;\"><b>Angaben gem\u00e4\u00df \u00a7 5 TMG<\/b><\/span><\/h2>\n<p>FysioStil Therapie GmbH &amp; Co. KG<\/p>\n<p>Gesch\u00e4ftsf\u00fchrerin Svenja Schuster<br>Segeberger Stra\u00dfe 16-22<br>23617 Stockelsdorf<\/p>\n<p><b>Kontakt<\/b><\/p>\n<p>Telefon: 0451 88 05 81 57<br>Telefax: 0451 88 05 81 51<br>E-Mail: info@fysiostil.de<\/p>\n<p>Amtsgericht L\u00fcbeck: HRA 10528<\/p>\n<p>Steuernummer: 26\/284\/01329<\/p>\n<p><b>Aufsichtsbeh\u00f6rde<\/b><\/p>\n<p>Gesundheitsamt Kreis Ostholstein<br>Anschrift: Holstenstra\u00dfe 52, 23701 Eutin<br>Telefon: 04521 788-100<br>Fax: 04521 788-188<br>E-Mail: gesundheitsamt@kreis-oh.de<\/p>\n<p><\/p>\n<p><a href=\"http:\/\/www.kreis-oh.de\/Soziales-Gesundheit\/Gesundheitsamt\" target=\"_blank\" rel=\"noopener noreferrer\">www.kreis-oh.de\/Soziales-Gesundheit\/Gesundheitsamt<\/a><\/p>\n<p><b>Berufsbezeichnung und berufsrechtliche Regelungen<\/b><\/p>\n<p>Berufsbezeichnung: staatl. gepr\u00fcfte Physiotherapeutin<br>Zust\u00e4ndige Kammer: VPT HH\/SH Verband Physikalische Therapie Bundesgesch\u00e4ftsstelle, Hofweg 15, 22085 Hamburg, Telefon: (040) 22 72 32 22<br>Verliehen durch: verliehen in L\u00fcbeck, Deutschland<br><\/p>\n<p><b>Streitschlichtung<\/b><\/p>\n<p>Wir sind nicht bereit oder verpflichtet, an Streitbeilegungsverfahren vor einer Verbraucherschlichtungsstelle teilzunehmen.<\/p>\n<p><b>Haftung f\u00fcr Inhalte<\/b><\/p>\n<p>Als Diensteanbieter sind wir gem\u00e4\u00df \u00a7 7 Abs.1 TMG f\u00fcr eigene Inhalte auf diesen Seiten nach den allgemeinen Gesetzen verantwortlich. Nach \u00a7\u00a7 8 bis 10 TMG sind wir als Diensteanbieter jedoch nicht verpflichtet, \u00fcbermittelte oder gespeicherte fremde Informationen zu \u00fcberwachen oder nach Umst\u00e4nden zu forschen, die auf eine rechtswidrige T\u00e4tigkeit hinweisen.<\/p>\n<p>Verpflichtungen zur Entfernung oder Sperrung der Nutzung von Informationen nach den allgemeinen Gesetzen bleiben hiervon unber\u00fchrt. Eine diesbez\u00fcgliche Haftung ist jedoch erst ab dem Zeitpunkt der Kenntnis einer konkreten Rechtsverletzung m\u00f6glich. Bei Bekanntwerden von entsprechenden Rechtsverletzungen werden wir diese Inhalte umgehend entfernen.<\/p>\n<p><b>Haftung f\u00fcr Links<\/b><\/p>\n<p>Unser Angebot enth\u00e4lt Links zu externen Websites Dritter, auf deren Inhalte wir keinen Einfluss haben. Deshalb k\u00f6nnen wir f\u00fcr diese fremden Inhalte auch keine Gew\u00e4hr \u00fcbernehmen. F\u00fcr die Inhalte der verlinkten Seiten ist stets der jeweilige Anbieter oder Betreiber der Seiten verantwortlich. Die verlinkten Seiten wurden zum Zeitpunkt der Verlinkung auf m\u00f6gliche Rechtsverst\u00f6\u00dfe \u00fcberpr\u00fcft. Rechtswidrige Inhalte waren zum Zeitpunkt der Verlinkung nicht erkennbar.<\/p>\n<p>Eine permanente inhaltliche Kontrolle der verlinkten Seiten ist jedoch ohne konkrete Anhaltspunkte einer Rechtsverletzung nicht zumutbar. Bei Bekanntwerden von Rechtsverletzungen werden wir derartige Links umgehend entfernen.<\/p>\n<p><b>Urheberrecht<\/b><\/p>\n<p>Die durch die Seitenbetreiber erstellten Inhalte und Werke auf diesen Seiten unterliegen dem deutschen Urheberrecht. Die Vervielf\u00e4ltigung, Bearbeitung, Verbreitung und jede Art der Verwertung au\u00dferhalb der Grenzen des Urheberrechtes bed\u00fcrfen der schriftlichen Zustimmung des jeweiligen Autors bzw. Erstellers. Downloads und Kopien dieser Seite sind nur f\u00fcr den privaten, nicht kommerziellen Gebrauch gestattet.<\/p>\n<p>Soweit die Inhalte auf dieser Seite nicht vom Betreiber erstellt wurden, werden die Urheberrechte Dritter beachtet. Insbesondere werden Inhalte Dritter als solche gekennzeichnet. Sollten Sie trotzdem auf eine Urheberrechtsverletzung aufmerksam werden, bitten wir um einen entsprechenden Hinweis. Bei Bekanntwerden von Rechtsverletzungen werden wir derartige Inhalte umgehend entfernen.<\/p>\t\t\t\t\t\t\t\t<\/div>\n\t\t\t\t<\/div>\n\t\t\t\t<\/div>\n\t\t\t\t\t<\/div>\n\t\t\t\t<\/div>\n\t\t\t\t<\/div>\n\t\t","protected":false},"excerpt":{"rendered":"<p>Impressum Angaben gem\u00e4\u00df \u00a7 5 TMG FysioStil Therapie GmbH &amp; Co. KG Gesch\u00e4ftsf\u00fchrerin Svenja SchusterSegeberger Stra\u00dfe 16-2223617 Stockelsdorf Kontakt Telefon: 0451 88 05 81 57Telefax: 0451 88 05 81 51E-Mail: info@fysiostil.de Amtsgericht L\u00fcbeck: HRA 10528 Steuernummer: 26\/284\/01329 Aufsichtsbeh\u00f6rde Gesundheitsamt Kreis OstholsteinAnschrift: Holstenstra\u00dfe 52, 23701 EutinTelefon: 04521 788-100Fax: 04521 788-188E-Mail: gesundheitsamt@kreis-oh.de www.kreis-oh.de\/Soziales-Gesundheit\/Gesundheitsamt Berufsbezeichnung und berufsrechtliche Regelungen [&hellip;]<\/p>\n","protected":false},"author":1,"featured_media":0,"parent":0,"menu_order":0,"comment_status":"closed","ping_status":"closed","template":"","meta":{"_acf_changed":false,"inline_featured_image":false,"footnotes":""},"class_list":["post-392","page","type-page","status-publish","hentry"],"acf":[],"yoast_head":"<!-- This site is optimized with the Yoast SEO plugin v26.9 - https:\/\/yoast.com\/product\/yoast-seo-wordpress\/ -->\n<title>Impressum - Karriere<\/title>\n<meta name=\"robots\" content=\"index, follow, max-snippet:-1, max-image-preview:large, max-video-preview:-1\" \/>\n<link rel=\"canonical\" href=\"https:\/\/fysiostil-therapie.de\/karriere\/impressum\/\" \/>\n<meta property=\"og:locale\" content=\"de_DE\" \/>\n<meta property=\"og:type\" content=\"article\" \/>\n<meta property=\"og:title\" content=\"Impressum - Karriere\" \/>\n<meta property=\"og:description\" content=\"Impressum Angaben gem\u00e4\u00df \u00a7 5 TMG FysioStil Therapie GmbH &amp; Co. KG Gesch\u00e4ftsf\u00fchrerin Svenja SchusterSegeberger Stra\u00dfe 16-2223617 Stockelsdorf Kontakt Telefon: 0451 88 05 81 57Telefax: 0451 88 05 81 51E-Mail: info@fysiostil.de Amtsgericht L\u00fcbeck: HRA 10528 Steuernummer: 26\/284\/01329 Aufsichtsbeh\u00f6rde Gesundheitsamt Kreis OstholsteinAnschrift: Holstenstra\u00dfe 52, 23701 EutinTelefon: 04521 788-100Fax: 04521 788-188E-Mail: gesundheitsamt@kreis-oh.de www.kreis-oh.de\/Soziales-Gesundheit\/Gesundheitsamt Berufsbezeichnung und berufsrechtliche Regelungen [&hellip;]\" \/>\n<meta property=\"og:url\" content=\"https:\/\/fysiostil-therapie.de\/karriere\/impressum\/\" \/>\n<meta property=\"og:site_name\" content=\"Karriere\" \/>\n<meta property=\"article:modified_time\" content=\"2023-10-18T11:06:22+00:00\" \/>\n<meta name=\"twitter:card\" content=\"summary_large_image\" \/>\n<meta name=\"twitter:label1\" content=\"Gesch\u00e4tzte Lesezeit\" \/>\n\t<meta name=\"twitter:data1\" content=\"3\u00a0Minuten\" \/>\n<script type=\"application\/ld+json\" class=\"yoast-schema-graph\">{\"@context\":\"https:\/\/schema.org\",\"@graph\":[{\"@type\":\"WebPage\",\"@id\":\"https:\/\/fysiostil-therapie.de\/karriere\/impressum\/\",\"url\":\"https:\/\/fysiostil-therapie.de\/karriere\/impressum\/\",\"name\":\"Impressum - Karriere\",\"isPartOf\":{\"@id\":\"https:\/\/fysiostil-therapie.de\/karriere\/#website\"},\"datePublished\":\"2023-10-17T22:20:07+00:00\",\"dateModified\":\"2023-10-18T11:06:22+00:00\",\"breadcrumb\":{\"@id\":\"https:\/\/fysiostil-therapie.de\/karriere\/impressum\/#breadcrumb\"},\"inLanguage\":\"de\",\"potentialAction\":[{\"@type\":\"ReadAction\",\"target\":[\"https:\/\/fysiostil-therapie.de\/karriere\/impressum\/\"]}]},{\"@type\":\"BreadcrumbList\",\"@id\":\"https:\/\/fysiostil-therapie.de\/karriere\/impressum\/#breadcrumb\",\"itemListElement\":[{\"@type\":\"ListItem\",\"position\":1,\"name\":\"Startseite\",\"item\":\"https:\/\/fysiostil-therapie.de\/karriere\/\"},{\"@type\":\"ListItem\",\"position\":2,\"name\":\"Impressum\"}]},{\"@type\":\"WebSite\",\"@id\":\"https:\/\/fysiostil-therapie.de\/karriere\/#website\",\"url\":\"https:\/\/fysiostil-therapie.de\/karriere\/\",\"name\":\"Karriere\",\"description\":\"\",\"publisher\":{\"@id\":\"https:\/\/fysiostil-therapie.de\/karriere\/#organization\"},\"potentialAction\":[{\"@type\":\"SearchAction\",\"target\":{\"@type\":\"EntryPoint\",\"urlTemplate\":\"https:\/\/fysiostil-therapie.de\/karriere\/?s={search_term_string}\"},\"query-input\":{\"@type\":\"PropertyValueSpecification\",\"valueRequired\":true,\"valueName\":\"search_term_string\"}}],\"inLanguage\":\"de\"},{\"@type\":\"Organization\",\"@id\":\"https:\/\/fysiostil-therapie.de\/karriere\/#organization\",\"name\":\"Karriere\",\"url\":\"https:\/\/fysiostil-therapie.de\/karriere\/\",\"logo\":{\"@type\":\"ImageObject\",\"inLanguage\":\"de\",\"@id\":\"https:\/\/fysiostil-therapie.de\/karriere\/#\/schema\/logo\/image\/\",\"url\":\"https:\/\/fysiostil-therapie.de\/karriere\/wp-content\/uploads\/sites\/5\/2023\/08\/FysioStil_Blume-Kopie.svg\",\"contentUrl\":\"https:\/\/fysiostil-therapie.de\/karriere\/wp-content\/uploads\/sites\/5\/2023\/08\/FysioStil_Blume-Kopie.svg\",\"width\":87,\"height\":86,\"caption\":\"Karriere\"},\"image\":{\"@id\":\"https:\/\/fysiostil-therapie.de\/karriere\/#\/schema\/logo\/image\/\"}}]}<\/script>\n<!-- \/ Yoast SEO plugin. -->","yoast_head_json":{"title":"Impressum - Karriere","robots":{"index":"index","follow":"follow","max-snippet":"max-snippet:-1","max-image-preview":"max-image-preview:large","max-video-preview":"max-video-preview:-1"},"canonical":"https:\/\/fysiostil-therapie.de\/karriere\/impressum\/","og_locale":"de_DE","og_type":"article","og_title":"Impressum - Karriere","og_description":"Impressum Angaben gem\u00e4\u00df \u00a7 5 TMG FysioStil Therapie GmbH &amp; Co. KG Gesch\u00e4ftsf\u00fchrerin Svenja SchusterSegeberger Stra\u00dfe 16-2223617 Stockelsdorf Kontakt Telefon: 0451 88 05 81 57Telefax: 0451 88 05 81 51E-Mail: info@fysiostil.de Amtsgericht L\u00fcbeck: HRA 10528 Steuernummer: 26\/284\/01329 Aufsichtsbeh\u00f6rde Gesundheitsamt Kreis OstholsteinAnschrift: Holstenstra\u00dfe 52, 23701 EutinTelefon: 04521 788-100Fax: 04521 788-188E-Mail: gesundheitsamt@kreis-oh.de www.kreis-oh.de\/Soziales-Gesundheit\/Gesundheitsamt Berufsbezeichnung und berufsrechtliche Regelungen [&hellip;]","og_url":"https:\/\/fysiostil-therapie.de\/karriere\/impressum\/","og_site_name":"Karriere","article_modified_time":"2023-10-18T11:06:22+00:00","twitter_card":"summary_large_image","twitter_misc":{"Gesch\u00e4tzte Lesezeit":"3\u00a0Minuten"},"schema":{"@context":"https:\/\/schema.org","@graph":[{"@type":"WebPage","@id":"https:\/\/fysiostil-therapie.de\/karriere\/impressum\/","url":"https:\/\/fysiostil-therapie.de\/karriere\/impressum\/","name":"Impressum - Karriere","isPartOf":{"@id":"https:\/\/fysiostil-therapie.de\/karriere\/#website"},"datePublished":"2023-10-17T22:20:07+00:00","dateModified":"2023-10-18T11:06:22+00:00","breadcrumb":{"@id":"https:\/\/fysiostil-therapie.de\/karriere\/impressum\/#breadcrumb"},"inLanguage":"de","potentialAction":[{"@type":"ReadAction","target":["https:\/\/fysiostil-therapie.de\/karriere\/impressum\/"]}]},{"@type":"BreadcrumbList","@id":"https:\/\/fysiostil-therapie.de\/karriere\/impressum\/#breadcrumb","itemListElement":[{"@type":"ListItem","position":1,"name":"Startseite","item":"https:\/\/fysiostil-therapie.de\/karriere\/"},{"@type":"ListItem","position":2,"name":"Impressum"}]},{"@type":"WebSite","@id":"https:\/\/fysiostil-therapie.de\/karriere\/#website","url":"https:\/\/fysiostil-therapie.de\/karriere\/","name":"Karriere","description":"","publisher":{"@id":"https:\/\/fysiostil-therapie.de\/karriere\/#organization"},"potentialAction":[{"@type":"SearchAction","target":{"@type":"EntryPoint","urlTemplate":"https:\/\/fysiostil-therapie.de\/karriere\/?s={search_term_string}"},"query-input":{"@type":"PropertyValueSpecification","valueRequired":true,"valueName":"search_term_string"}}],"inLanguage":"de"},{"@type":"Organization","@id":"https:\/\/fysiostil-therapie.de\/karriere\/#organization","name":"Karriere","url":"https:\/\/fysiostil-therapie.de\/karriere\/","logo":{"@type":"ImageObject","inLanguage":"de","@id":"https:\/\/fysiostil-therapie.de\/karriere\/#\/schema\/logo\/image\/","url":"https:\/\/fysiostil-therapie.de\/karriere\/wp-content\/uploads\/sites\/5\/2023\/08\/FysioStil_Blume-Kopie.svg","contentUrl":"https:\/\/fysiostil-therapie.de\/karriere\/wp-content\/uploads\/sites\/5\/2023\/08\/FysioStil_Blume-Kopie.svg","width":87,"height":86,"caption":"Karriere"},"image":{"@id":"https:\/\/fysiostil-therapie.de\/karriere\/#\/schema\/logo\/image\/"}}]}},"jetpack_sharing_enabled":true,"_links":{"self":[{"href":"https:\/\/fysiostil-therapie.de\/karriere\/wp-json\/wp\/v2\/pages\/392","targetHints":{"allow":["GET"]}}],"collection":[{"href":"https:\/\/fysiostil-therapie.de\/karriere\/wp-json\/wp\/v2\/pages"}],"about":[{"href":"https:\/\/fysiostil-therapie.de\/karriere\/wp-json\/wp\/v2\/types\/page"}],"author":[{"embeddable":true,"href":"https:\/\/fysiostil-therapie.de\/karriere\/wp-json\/wp\/v2\/users\/1"}],"replies":[{"embeddable":true,"href":"https:\/\/fysiostil-therapie.de\/karriere\/wp-json\/wp\/v2\/comments?post=392"}],"version-history":[{"count":11,"href":"https:\/\/fysiostil-therapie.de\/karriere\/wp-json\/wp\/v2\/pages\/392\/revisions"}],"predecessor-version":[{"id":473,"href":"https:\/\/fysiostil-therapie.de\/karriere\/wp-json\/wp\/v2\/pages\/392\/revisions\/473"}],"wp:attachment":[{"href":"https:\/\/fysiostil-therapie.de\/karriere\/wp-json\/wp\/v2\/media?parent=392"}],"curies":[{"name":"wp","href":"https:\/\/api.w.org\/{rel}","templated":true}]}}